ue
Is 956383 a prime number?
True
Is 22825657 composite?
False
Is 697598201 prime?
True
Is 11226923 prime?
True
Is 19938931 composite?
True
Is 13579133 a composite number?
False
Is 57787357 a prime number?
True
Is 137737497 a composite number?
True
Is 87603 prime?
False
Is 12175429 prime?
False
Is 6299105 prime?
False
Is 285514 composite?
True
Is 19958231 a prime number?
True
Is 16121029 a composite number?
False
Is 20088691 a prime number?
False
Is 796052749 prime?
True
Is 101576887 a prime number?
False
Is 34517537 a prime number?
False
Is 61773809 a composite number?
False
Is 53689271 prime?
True
Is 3780781 a prime number?
True
Is 9427181 composite?
False
Is 105042047 composite?
True
Is 11622521 a composite number?
True
Is 1782182 composite?
True
Is 57733 prime?
False
Is 10033259 a prime number?
True
Is 557261 prime?
True
Is 2231021 prime?
False
Is 6926613 a prime number?
False
Is 89829031 a prime number?
False
Is 36316759 a composite number?
True
Is 122915999 composite?
False
Is 543341 prime?
True
Is 967847 composite?
False
Is 579815 a prime number?
False
Is 37289197 a composite number?
True
Is 45255201 prime?
False
Is 42501973 composite?
False
Is 268811711 prime?
False
Is 11347517 a composite number?
True
Is 12464437 a composite number?
True
Is 1235813 composite?
True
Is 1385403101 composite?
False
Is 3001963 composite?
False
Is 155417401 composite?
False
Is 1485373 a prime number?
True
Is 1114447 a composite number?
False
Is 5281597 a composite number?
False
Is 829297 a prime number?
False
Is 43530043 prime?
True
Is 1887181 a composite number?
False
Is 110222183 a prime number?
True
Is 440273 a prime number?
False
Is 32157763 a composite number?
True
Is 2766143 composite?
True
Is 115565893 a prime number?
True
Is 3520191 prime?
False
Is 63562687 composite?
False
Is 27857087 composite?
False
Is 92029 a prime number?
False
Is 6075211 a composite number?
False
Is 98999 a prime number?
True
Is 31723021 composite?
True
Is 1784833 a composite number?
False
Is 596411 prime?
False
Is 1523209 prime?
False
Is 425065747 prime?
True
Is 1633101 composite?
True
Is 2189843 a composite number?
False
Is 5925461 prime?
True
Is 511831 composite?
False
Is 31338851 a composite number?
False
Is 249259 a composite number?
True
Is 7435231 a composite number?
True
Is 52555315 prime?
False
Is 885589 a prime number?
True
Is 4222429 composite?
True
Is 50735729 composite?
True
Is 1480991 a prime number?
True
Is 8158533 prime?
False
Is 26981003 a prime number?
False
Is 12218649 prime?
False
Is 55667 a composite number?
False
Is 605099927 a composite number?
True
Is 3104579 a prime number?
False
Is 34258217 a prime number?
False
Is 86746663 a composite number?
False
Is 12784609 prime?
True
Is 8386723 prime?
True
Is 12221777 prime?
False
Is 360515641 prime?
True
Is 7332547 prime?
False
Is 1152287 a prime number?
True
Is 6854158 composite?
True
Is 126143 prime?
True
Is 1899973 composite?
True
Is 37231081 a prime number?
False
Is 418629701 prime?
False
Is 10479527 a prime number?
False
Is 18240917 a composite number?
True
Is 58688237 a composite number?
False
Is 3319189 a prime number?
False
Is 829607 prime?
False
Is 239631899 a composite number?
True
Is 7455191 prime?
False
Is 41861371 prime?
True
Is 647099 prime?
True
Is 138263287 a composite number?
True
Is 142019147 composite?
True
Is 993491 prime?
False
Is 29559989 a prime number?
True
Is 161742391 a composite number?
True
Is 321308479 prime?
False
Is 74350807 a prime number?
True
Is 100971011 a prime number?
False
Is 11204747 prime?
False
Is 1082827 a prime number?
False
Is 7676687 prime?
False
Is 65318821 composite?
True
Is 38717473 a prime number?
True
Is 4360723 prime?
False
Is 5303509 prime?
True
Is 132397049 prime?
True
Is 212157749 prime?
True
Is 41093033 composite?
True
Is 409643 composite?
True
Is 3477259 a prime number?
True
Is 239849971 prime?
False
Is 20090689 a prime number?
True
Is 6049781 prime?
True
Is 36325913 a composite number?
True
Is 29502481 a prime number?
False
Is 23552707 composite?
False
Is 5513038 a prime number?
False
Is 6992383 composite?
False
Is 1071672019 a prime number?
False
Is 1988717 a composite number?
True
Is 6962489 a prime number?
False
Is 23335471 a composite number?
False
Is 3397829 a prime number?
True
Is 5297021 a prime number?
True
Is 12155567 prime?
True
Is 34174145 prime?
False
Is 22068881 a prime number?
True
Is 15007427 a composite number?
True
Is 27075467 composite?
False
Is 20103362 prime?
False
Is 57800959 a prime number?
True
Is 18699659 a composite number?
True
Is 22639543 a prime number?
False
Is 16685777 a composite number?
False
Is 109639 a composite number?
False
Is 117363407 a prime number?
False
Is 4644433 composite?
False
Is 1758683 prime?
False
Is 23606223 prime?
False
Is 31571803 a prime number?
True
Is 2351051 a composite number?
True
Is 6645637 composite?
False
Is 33156141 a prime number?
False
Is 643301 a prime number?
True
Is 7397627 a composite number?
True
Is 4069627 a prime number?
True
Is 1654607 prime?
False
Is 19503349 a composite number?
False
Is 407916803 a composite number?
True
Is 146242303 prime?
False
Is 3354613 a prime number?
True
Is 29607097 a prime number?
False
Is 112886485 a prime number?
False
Is 1436407 composite?
True
Is 5900669 a composite number?
True
Is 53072137 prime?
True
Is 265637 a composite number?
True
Is 491026 a prime number?
False
Is 3807955 prime?
False
Is 375086807 composite?
True
Is 1844407 a prime number?
False
Is 14660071 composite?
True
Is 831425593 a composite number?
True
Is 24758339 a prime number?
False
Is 2643815 a prime number?
False
Is 218794181 a composite number?
False
Is 254869 composite?
False
Is 2810735 a composite number?
True
Is 38492983 prime?
False
Is 960406 composite?
True
Is 34781113 a composite number?
False
Is 2058001 prime?
False
Is 147452707 prime?
False
Is 257217371 composite?
False
Is 913867 prime?
False
Is 549581977 composite?
True
Is 98951837 prime?
True
Is 2683717 prime?
True
Is 5055103 a prime number?
False
Is 2107723 prime?
True
Is 13068359 a composite number?
True
Is 25782959 a prime number?
True
Is 200620435 composite?
True
Is 232527 prime?
False
Is 7202353 prime?
False
Is 588806 prime?
False
Is 5332841 a prime number?
True
Is 23666141 a composite number?
True
Is 2398579 composite?
True
Is 7136279 a composite number?
True
Is 42997567 a prime number?
False
Is 22896271 a composite number?
False
Is 1689719 a prime number?
True
Is 3366173 prime?
False
Is 12139753 a composite number?
False
Is 1276001 a prime number?
True
Is 2770763 prime?
False
Is 3287789 composite?
True
Is 6357287 prime?
True
Is 5042099 composite?
False
Is 8203543 composite?
False
Is 2430871 a composite number?
False
Is 99936427 a composite number?
True
Is 4536667 a composite number?
False
Is 31261277 composite?
False
Is 10108577 composite?
False
Is 17885671 composite?
False
Is 31107757 prime?
True
Is 248139517 composite?
False
Is 381721 a prime number?
False
Is 89902537 a composite number?
False
Is 3565013 composite?
False
Is 270531029 a prime number?
False
Is 26971751 a prime number?
True
Is 23037307 composite?
False
Is 15564389 a prime number?
True
Is 159726599 a composite number?
False
Is 22379281 a composite number?
True
Is 746153 prime?
True
Is 5527721 a prime number?
True
Is 24350627 prime?
False
Is 270502237 composite?
True
Is 70228943 a composite number?
True
Is 133414627 composite?
False
Is 433361 prime?
True
Is 1432351 a composite number?
False
Is 24660607 composite?
False
Is 3530129 a prime number?
False
Is 148331 composite?
False
Is 3727739 prime?
False
Is 18665887 prime?
False
Is 22687861 composite?
True
Is 1850326 a prime number?
False
Is 1741409 composite?
False
Is 1969667 prime?
False
Is 7951271 prime?
False
Is 263249 prime?
False
Is 473423 prime?
False
Is 75498494 a composite number?
True
Is 156607117 composite?
False
Is 122375753 a composite number?
False
Is 1137067 composite?
False
Is 120561011 a prime number?
True
Is 63426667 a composite number?
False
Is 11927705 a composite number?
True
Is 72746 a composite number?
True
Is 36020357 composite?
True
Is 3744353 composite?
False
Is 100840561 composite?
True
Is 44052214 a composite number?
True
Is 37177622 prime?
False
Is 700843441 a composite num